{"id":1667,"date":"2010-08-12T16:10:47","date_gmt":"2010-08-12T14:10:47","guid":{"rendered":"http:\/\/www.ecurieorthezbearn.fr\/rallye\/wp-content\/uploads\/2010\/08\/RALLYE-ORTHEZ-BEARN-2010-091.jpg"},"modified":"2010-08-12T16:10:47","modified_gmt":"2010-08-12T14:10:47","slug":"rallye-orthez-bearn-2010-091","status":"inherit","type":"attachment","link":"https:\/\/www.ecurieorthezbearn.fr\/rallye\/securite-rallye-2010-orthez-bearn-quad\/rallye-orthez-bearn-2010-091\/","title":{"rendered":"RALLYE ORTHEZ -BEARN 2010 091"},"author":4,"featured_media":0,"comment_status":"closed","ping_status":"closed","template":"","meta":[],"description":{"rendered":"<p class=\"attachment\"><a href='https:\/\/www.ecurieorthezbearn.fr\/rallye\/wp-content\/uploads\/2010\/08\/RALLYE-ORTHEZ-BEARN-2010-091.jpg'><img loading=\"lazy\" decoding=\"async\" width=\"300\" height=\"225\" src=\"https:\/\/www.ecurieorthezbearn.fr\/rallye\/wp-content\/uploads\/2010\/08\/RALLYE-ORTHEZ-BEARN-2010-091-300x225.jpg\" class=\"attachment-medium size-medium\" alt=\"premi\u00e8re \u00e9quipe s\u00e9curit\u00e9 poste 6 ES sallespisse\" srcset=\"https:\/\/www.ecurieorthezbearn.fr\/rallye\/wp-content\/uploads\/2010\/08\/RALLYE-ORTHEZ-BEARN-2010-091-300x225.jpg 300w, https:\/\/www.ecurieorthezbearn.fr\/rallye\/wp-content\/uploads\/2010\/08\/RALLYE-ORTHEZ-BEARN-2010-091.jpg 640w\" sizes=\"(max-width: 300px) 100vw, 300px\" \/><\/a><\/p>\n<p>premi\u00e8re \u00e9quipe s\u00e9curit\u00e9 poste 6 ES sallespisse<\/p>\n"},"caption":{"rendered":"<p>premi\u00e8re \u00e9quipe s\u00e9curit\u00e9 poste 6 ES sallespisse<\/p>\n"},"alt_text":"premi\u00e8re \u00e9quipe s\u00e9curit\u00e9 poste 6 ES sallespisse","media_type":"image","mime_type":"image\/jpeg","media_details":{"width":"640","height":"480","hwstring_small":"height='96' width='128'","file":"2010\/08\/RALLYE-ORTHEZ-BEARN-2010-091.jpg","sizes":{"medium":{"file":"RALLYE-ORTHEZ-BEARN-2010-091-300x225.jpg","width":"300","height":"225","source_url":"https:\/\/www.ecurieorthezbearn.fr\/rallye\/wp-content\/uploads\/2010\/08\/RALLYE-ORTHEZ-BEARN-2010-091-300x225.jpg"},"full":{"file":"RALLYE-ORTHEZ-BEARN-2010-091.jpg","width":640,"height":480,"mime_type":"image\/jpeg","source_url":"https:\/\/www.ecurieorthezbearn.fr\/rallye\/wp-content\/uploads\/2010\/08\/RALLYE-ORTHEZ-BEARN-2010-091.jpg"}},"image_meta":{"aperture":"2.8","credit":"","camera":"W595","caption":"","created_timestamp":"1281109577","copyright":"","focal_length":"3.6","iso":"64","shutter_speed":"0.008","title":""}},"post":1630,"source_url":"https:\/\/www.ecurieorthezbearn.fr\/rallye\/wp-content\/uploads\/2010\/08\/RALLYE-ORTHEZ-BEARN-2010-091.jpg","_links":{"self":[{"href":"https:\/\/www.ecurieorthezbearn.fr\/rallye\/wp-json\/wp\/v2\/media\/1667"}],"collection":[{"href":"https:\/\/www.ecurieorthezbearn.fr\/rallye\/wp-json\/wp\/v2\/media"}],"about":[{"href":"https:\/\/www.ecurieorthezbearn.fr\/rallye\/wp-json\/wp\/v2\/types\/attachment"}],"author":[{"embeddable":true,"href":"https:\/\/www.ecurieorthezbearn.fr\/rallye\/wp-json\/wp\/v2\/users\/4"}],"replies":[{"embeddable":true,"href":"https:\/\/www.ecurieorthezbearn.fr\/rallye\/wp-json\/wp\/v2\/comments?post=1667"}]}}

<p class="attachment"><a href='https://www.ecurieorthezbearn.fr/rallye/wp-content/uploads/2010/08/RALLYE-ORTHEZ-BEARN-2010-091.jpg'><img loading="lazy" decoding="async" width="300" height="225" src="https://www.ecurieorthezbearn.fr/rallye/wp-content/uploads/2010/08/RALLYE-ORTHEZ-BEARN-2010-091-300x225.jpg" class="attachment-medium size-medium" alt="première équipe sécurité poste 6 ES sallespisse" srcset="https://www.ecurieorthezbearn.fr/rallye/wp-content/uploads/2010/08/RALLYE-ORTHEZ-BEARN-2010-091-300x225.jpg 300w, https://www.ecurieorthezbearn.fr/rallye/wp-content/uploads/2010/08/RALLYE-ORTHEZ-BEARN-2010-091.jpg 640w" sizes="(max-width: 300px) 100vw, 300px" /></a></p>
<p>première équipe sécurité poste 6 ES sallespisse</p>

<p>première équipe sécurité poste 6 ES sallespisse</p>

première équipe sécurité poste 6 ES sallespisse
