{"id":5342,"date":"2012-12-10T19:54:33","date_gmt":"2012-12-10T18:54:33","guid":{"rendered":"http:\/\/www.ecurieorthezbearn.fr\/rallye\/wp-content\/uploads\/2012\/12\/20121208_115339.jpg"},"modified":"2012-12-10T19:54:33","modified_gmt":"2012-12-10T18:54:33","slug":"20121208_115339","status":"inherit","type":"attachment","link":"https:\/\/www.ecurieorthezbearn.fr\/rallye\/telethon-2012\/20121208_115339\/","title":{"rendered":"20121208_115339"},"author":4,"featured_media":0,"comment_status":"closed","ping_status":"closed","template":"","meta":[],"description":{"rendered":"<p class=\"attachment\"><a href='https:\/\/www.ecurieorthezbearn.fr\/rallye\/wp-content\/uploads\/2012\/12\/20121208_115339.jpg'><img loading=\"lazy\" decoding=\"async\" width=\"500\" height=\"375\" src=\"https:\/\/www.ecurieorthezbearn.fr\/rallye\/wp-content\/uploads\/2012\/12\/20121208_115339-500x375.jpg\" class=\"attachment-medium size-medium\" alt=\"deuxi\u00e8me sensation forte avec denis qui effectu la prem\u00e8re remont\u00e9e\" srcset=\"https:\/\/www.ecurieorthezbearn.fr\/rallye\/wp-content\/uploads\/2012\/12\/20121208_115339-500x375.jpg 500w, https:\/\/www.ecurieorthezbearn.fr\/rallye\/wp-content\/uploads\/2012\/12\/20121208_115339.jpg 2048w\" sizes=\"(max-width: 500px) 100vw, 500px\" \/><\/a><\/p>\n<p>deuxi\u00e8me sensation forte avec denis qui effectu la prem\u00e8re remont\u00e9e<\/p>\n"},"caption":{"rendered":"<p>deuxi\u00e8me sensation forte avec denis qui effectu la prem\u00e8re remont\u00e9e<\/p>\n"},"alt_text":"deuxi\u00e8me sensation forte avec denis qui effectu la prem\u00e8re remont\u00e9e","media_type":"image","mime_type":"image\/jpeg","media_details":{"width":"2048","height":"1536","hwstring_small":"height='96' width='128'","file":"2012\/12\/20121208_115339.jpg","sizes":{"medium":{"file":"20121208_115339-500x375.jpg","width":"500","height":"375","source_url":"https:\/\/www.ecurieorthezbearn.fr\/rallye\/wp-content\/uploads\/2012\/12\/20121208_115339-500x375.jpg"},"full":{"file":"20121208_115339.jpg","width":2048,"height":1536,"mime_type":"image\/jpeg","source_url":"https:\/\/www.ecurieorthezbearn.fr\/rallye\/wp-content\/uploads\/2012\/12\/20121208_115339.jpg"}},"image_meta":{"aperture":"2.65","credit":"","camera":"GT-I9100P","caption":"","created_timestamp":"1354967618","copyright":"","focal_length":"3.97","iso":"50","shutter_speed":"0.01","title":""}},"post":5320,"source_url":"https:\/\/www.ecurieorthezbearn.fr\/rallye\/wp-content\/uploads\/2012\/12\/20121208_115339.jpg","_links":{"self":[{"href":"https:\/\/www.ecurieorthezbearn.fr\/rallye\/wp-json\/wp\/v2\/media\/5342"}],"collection":[{"href":"https:\/\/www.ecurieorthezbearn.fr\/rallye\/wp-json\/wp\/v2\/media"}],"about":[{"href":"https:\/\/www.ecurieorthezbearn.fr\/rallye\/wp-json\/wp\/v2\/types\/attachment"}],"author":[{"embeddable":true,"href":"https:\/\/www.ecurieorthezbearn.fr\/rallye\/wp-json\/wp\/v2\/users\/4"}],"replies":[{"embeddable":true,"href":"https:\/\/www.ecurieorthezbearn.fr\/rallye\/wp-json\/wp\/v2\/comments?post=5342"}]}}

<p class="attachment"><a href='https://www.ecurieorthezbearn.fr/rallye/wp-content/uploads/2012/12/20121208_115339.jpg'><img loading="lazy" decoding="async" width="500" height="375" src="https://www.ecurieorthezbearn.fr/rallye/wp-content/uploads/2012/12/20121208_115339-500x375.jpg" class="attachment-medium size-medium" alt="deuxième sensation forte avec denis qui effectu la premère remontée" srcset="https://www.ecurieorthezbearn.fr/rallye/wp-content/uploads/2012/12/20121208_115339-500x375.jpg 500w, https://www.ecurieorthezbearn.fr/rallye/wp-content/uploads/2012/12/20121208_115339.jpg 2048w" sizes="(max-width: 500px) 100vw, 500px" /></a></p>
<p>deuxième sensation forte avec denis qui effectu la premère remontée</p>

<p>deuxième sensation forte avec denis qui effectu la premère remontée</p>

deuxième sensation forte avec denis qui effectu la premère remontée
